k**2 + k - 4. What is i(-2)?
-26
Let c(z) = -z**2 - 41*z - 393. Give c(-25).
7
Let s(v) = 2*v - 49. Calculate s(18).
-13
Let h(i) = -i**3 + 18*i**2 - 20*i + 54. Calculate h(17).
3
Let p(l) = l**2 + l. What is p(1)?
2
Let p(r) = 28*r + 8. Give p(0).
8
Let h(d) = d**2 - 2*d - 9. What is h(5)?
6
Let f(o) = -69*o**2 - 2. What is f(1)?
-71
Let a(h) = h**2 - 10*h - 3. Determine a(8).
-19
Let s(g) = -g**2 - 25*g + 18. Determine s(-23).
64
Let r(x) = x**2 + 12*x + 14. Give r(-9).
-13
Let c(p) = -3*p + 1. Calculate c(7).
-20
Let u(w) = -8*w + 112. Give u(19).
-40
Let c(l) = 3*l + 17. What is c(-12)?
-19
Let w(b) = -12*b - 41. What is w(-11)?
91
Let k(t) = t**3 - 8*t**2 + 8*t - 19. Calculate k(7).
-12
Let w(q) = -8*q**3 + 3*q**2 + 4*q - 1. Determine w(-2).
67
Let h(q) = q**3 - q**2 - 4*q + 2. Determine h(3).
8
Let w(s) = 4*s**2 + 38*s - 19. Give w(-10).
1
Let u(v) = -21*v + 296. What is u(14)?
2
Let p(i) = -i**3 - 5*i**2 - 9*i + 9. Give p(-4).
29
Let s(d) = d**2 + 15*d + 41. Calculate s(-12).
5
Let o(c) = -c + 5. Calculate o(7).
-2
Let o(i) = i**3 + 7*i**2 - 24. Determine o(-4).
24
Let m(f) = 3*f + 6. Give m(-3).
-3
Let i(o) = 4*o**2 - o. Calculate i(2).
14
Let k(a) = -a**3 + 5*a**2 - 2*a + 22. What is k(5)?
12
Let d(q) = q**3 + 32*q**2 - 30*q + 26. Give d(-33).
-73
Let j(a) = -a**3 - 6*a**2 - 10. Give j(-7).
39
Let s(c) = -c**3 - 6*c**2 - 6*c - 6. Determine s(-3).
-15
Let d(z) = -z**2 + 7*z - 2. What is d(4)?
10
Let h(u) = -9*u + 77. Calculate h(8).
5
Let i(s) = -2*s**2 - s - 4. Give i(-2).
-10
Let z(a) = -a**3 + 5*a**2 - 2*a + 2. Determine z(5).
-8
Let r(z) = 2*z + 3. What is r(4)?
11
Let y(k) = -k**3 + 8*k**2 - 7*k + 8. Calculate y(6).
38
Let h(i) = -i**2 - 98*i - 1920. What is h(-27)?
-3
Let i(u) = 6*u. What is i(6)?
36
Let k(q) = -30*q**3 - 2*q**2 + 1. Calculate k(1).
-31
Let o(k) = 13*k + 99. Calculate o(-6).
21
Let r(t) = t**2 + 4*t + 10. Determine r(-11).
87
Let x(d) = 17*d - 14. Give x(2).
20
Let l(x) = x**2 + 17*x - 67. Give l(-20).
-7
Let o(a) = a**3 + 5*a**2 + 5*a + 3. Calculate o(-3).
6
Let n(y) = -2*y + 11. What is n(-19)?
49
Let c(i) = i**2 + 2*i - 5. Determine c(3).
10
Let r(w) = w**3 - 11*w**2 - 13*w - 17. Give r(12).
-29
Let s(t) = 6*t - 137. Calculate s(24).
7
Let j(m) = m**3 - 7*m**2 + 5*m + 30. What is j(5)?
5
Let p(n) = -n**3 - 8*n**2 - 3*n - 1. Give p(-8).
23
Let r(u) = -u**2 + 19*u - 70. Give r(5).
0
Let r(o) = o**3 + 6*o**2 - 8*o - 13. What is r(-7)?
-6
Let a(k) = -k**3 - 10*k**2 - 13*k + 21. What is a(-8)?
-3
Let a(v) = v**2 - 1. Calculate a(1).
0
Let q(x) = x**3 + 12*x**2 + 15. What is q(-13)?
-154
Let m(c) = -c**3 - 12*c**2 - 9*c + 9. Give m(-11).
-13
Let q(v) = 3*v**3 + 8*v**2 - 4*v - 4. Give q(-3).
-1
Let u(f) = 36*f**2 - 9*f + 8. What is u(1)?
35
Let y(w) = -w + 17. Give y(7).
10
Let s(o) = -o**2 + 6*o - 4. What is s(4)?
4
Let q(j) = -j**2 - 16*j + 38. Give q(-18).
2
Let m(c) = 5*c**3 + 20*c**2 + 3. Calculate m(-4).
3
Let a(f) = 4*f**2 - 13*f + 6. What is a(5)?
41
Let n(m) = -13*m - 2. Determine n(1).
-15
Let l(a) = -a**2 - 24*a - 68. Give l(-20).
12
Let g(d) = 15*d**3 - d**2 + d + 1. Determine g(-1).
-16
Let m(r) = 4*r + 9. What is m(3)?
21
Let j(r) = -3*r**2 - 17*r - 14. What is j(-7)?
-42
Let y(g) = 3*g**2 + 56*g + 85. What is y(-17)?
0
Let v(y) = -y**3 + 2*y**2 + y + 2. Calculate v(4).
-26
Let z(c) = 2*c**3 + 5*c**2 - 8*c - 29. Calculate z(-3).
-14
Let k(g) = -g**2 - 7*g + 330. Calculate k(15).
0
Let p(n) = -18*n**3 - 4*n - 4. What is p(-1)?
18
Let z(g) = 2*g - 22. Calculate z(5).
-12
Let h(n) = n**2 - 15*n + 8. Give h(15).
8
Let h(f) = f**2 + 8*f + 14. Determine h(-4).
-2
Let i(g) = -2*g**2 + 3*g + 4. Calculate i(3).
-5
Let m(t) = 33*t**2 + 2*t + 1. Determine m(-1).
32
Let m(s) = -s**3 + s**2 + 2*s - 2. Determine m(1).
0
Let i(b) = 8*b - 41. What is i(4)?
-9
Let d(f) = -6*f + 45. Determine d(6).
9
Let f(b) = -b**3 - 13*b**2 - 11*b + 14. What is f(-12)?
2
Let s(c) = c**3 + 33*c**2 - 35*c - 39. Determine s(-34).
-5
Let c(j) = -j**3 + 3*j**2 + 14*j - 10. What is c(5)?
10
Let x(n) = 8*n**2 - 4*n + 6. What is x(-2)?
46
Let m(i) = -i**3 + 17*i**2 - 16*i + 7. Determine m(16).
7
Let l(j) = -2*j - 2. What is l(-11)?
20
Let t(c) = c**3 + 12*c**2 - 11*c + 25. Give t(-13).
-1
Let p(c) = -2*c**2 + 26*c - 9. Determine p(9).
63
Let r(h) = 9*h - 104. Give r(7).
-41
Let a(f) = -2*f**2 + 2*f + 2. What is a(2)?
-2
Let f(h) = h + 2. What is f(-4)?
-2
Let r(h) = -30*h**2 + 2*h - 1. Give r(1).
-29
Let c(o) = -o**2 - 13*o + 3. Calculate c(-13).
3
Let a(y) = -y**3 - 2*y**2 - y - 10. Calculate a(0).
-10
Let z(y) = -8*y + 70. Determine z(9).
-2
Let n(t) = -t**3 - 14*t**2 - 19*t - 12. What is n(-13)?
66
Let q(y) = -y**3 - 7*y**2 - 12*y - 4. Give q(-5).
6
Let y(d) = d**3 - 13*d**2 - 52*d + 59. Determine y(16).
-5
Let r(y) = -12*y + 94. What is r(8)?
-2
Let z(k) = 126*k + 5. Calculate z(0).
5
Let i(h) = 3*h**2 - 32*h - 173. Calculate i(-5).
62
Let v(y) = -y**3 - 20*y**2 - 53*y - 30. Calculate v(-17).
4
Let l(p) = -14*p - 85. What is l(-7)?
13
Let j(p) = p**3 - 9*p**2 - 2*p + 13. Calculate j(9).
-5
Let o(r) = -r + 12. Give o(-24).
36
Let t(g) = g**3 - 8*g**2 - 4*g - 12. Determine t(7).
-89
Let n(w) = -w**2 - 5*w + 8. Calculate n(-6).
2
Let h(d) = -d**3 - 18*d**2 + 2*d + 29. Calculate h(-18).
-7
Let k(g) = g**3 - 5*g**2 + 6*g + 2. Calculate k(3).
2
Let t(y) = y**2 + y + 8. What is t(0)?
8
Let a(s) = -13*s - 11. Calculate a(9).
-128
Let a(y) = -6*y**2 - 97*y - 9. What is a(-16)?
7
Let i(p) = p**3 + 16*p**2 - 2*p. Determine i(-16).
32
Let k(u) = -7*u - 146. What is k(-19)?
-13
Let s(h) = -2*h**3 + 11*h**2 - 6*h + 6. What is s(5)?
1
Let b(j) = -3*j**2 - j - 5. What is b(-4)?
-49
Let f(v) = v**3 + 4*v**2 + 2*v + 4. What is f(-4)?
-4
Let h(v) = -3*v**2 + 25*v + 2. What is h(8)?
10
Let q(l) = -4*l**2 + 3*l. Give q(-3).
-45
Let r(l) = 8*l + 105. Calculate r(-16).
-23
Let y(i) = -12*i + 42. What is y(4)?
-6
Let z(q) = -9*q**2 + 106*q + 13. Calculate z(12).
-11
Let i(x) = 3*x**2 - 18*x - 6. Calculate i(8).
42
Let k(h) = -9*h**2 + 3*h - 3. Calculate k(2).
-33
Let i(u) = -u**3 + 8*u**2 + 9*u - 4. Calculate i(9).
-4
Let o(g) = 2*g**3 + 2*g + 23. Calculate o(0).
23
Let w(n) = n**3 + 3*n**2 - 18*n - 2. Determine w(-6).
-2
Let q(r) = 25*r**2. Determine q(-1).
25
Let h(i) = -i**3 + i**2 - 2*i + 115. Calculate h(0).
115
Let u(d) = -2*d**3 + 11*d**2 - 11*d - 5. What is u(3)?
7
Let z(c) = 8*c**2 + 8*c + 9. Give z(-2).
25
Let b(u) = -u**3 + 15*u**2 - 13*u + 21. What is b(14)?
35
Let o(v) = 2*v**2 + 6*v - 3. Calculate o(-5).
17
Let m(n) = n**2 + 5*n - 4. What is m(-8)?
20
Let s(l) = l**3 + 8*l**2 - 3*l - 6. What is s(-8)?
18
Let g(u) = 4*u**2 - 6*u + 8. Calculate g(3).
26
Let y(w) = -3*w**2 + 34*w + 17. What is y(12)?
-7
Let y(g) = 2*g**3 + 11*g**2 + 4*g - 12. Give y(-5).
-7
Let d(o) = -o**2 - 13*o - 34. What is d(-4)?
2
Let c(y) = -2*y**2 - 36*y + 15. Calculate c(-19).
-23
Let s(h) = -h**3 + 58*h**2 - 116*h + 224. Calculate s(56).
0
Let h(j) = -j**3 + 25*j**2 - 25*j + 26. Calculate h(24).
2
Let c(d) = -d**3 + 4*d**2 + 32*d - 3. Determine c(-4).
-3
Let o(d) = -d**2 + 18*d - 38. Determine o(16).
-6
Let i(q) = -22*q + 347. Determine i(16).
-5
Let y(d) = -2*d**2 - 66*d - 127. Determine y(-2).
-3
Let t(s) = 27*s + 130. Determine t(-4).
22
Let m(k) = k + 5. Calculate m(-6).
-1
Let q(c) = -c + 13. Give q(18).
-5
Let x(w) = -8*w + 2. Give x(-2).
18
Let y(u) = 4*u + 36. Calculate y(-12).
-12
Let r(i) = i**2 + 3*i + 2. Determine r(3).
20
Let k(i) = 4*i + 1. Determine k(-3).
-11
Let t(j) = -j - 15. Determine t(-5).
-10
Let h(l) = -2*l - 1. What is h(4)?
-9
Let s(w) = -9*w - 209. Determine s(-24).
7
Let c(s) = -8*s**3 - 2*s**2 + 1. What is c(1)?
-9
Let v(u) = -3*u**2 - 6*u + 10. Give v(-5).
-35
Let f(z) = 21*z - 173. Determine f(8).
-5
Let p(k) = 3*k**2 + 7. Calculate p(0).
7
Let g(z) = z**3 - 3*z**2 + z + 6. Give g(0).
6
Let p(l) = -64*l - 332. Calculate p(-5).
-12
Let d(r) = r**3 + r**2. Calculate d(1).
2
Let d(x) = -x**3 + 12*x**2 + 8*x + 66. Give d(13).
1
Let r(g) = -2*g**3 + 7*g**2 - 3*g + 7. Calculate r(3).
7
Let j(w) = 2*w**3 + 10*w**2 - 7*w - 17. What is j(-5)?
18
Let z(y) = y**3 - 10*y**2 - 38*y + 165. What is z(12)?
-3
Let q(i) = -6*i + 31. What is q(6)?
-5
Let b(t) = -t**2 + 8*t - 8. What is b(7)?
-1
Let n(i) = 2*i + 33. What is n(-11)?
11
Let w(y) = -y - 3. Deter